{"id":1441,"date":"2020-11-27T15:09:06","date_gmt":"2020-11-27T06:09:06","guid":{"rendered":"http:\/\/wps.itc.kansai-u.ac.jp\/cricket\/?page_id=1441"},"modified":"2022-02-16T12:03:24","modified_gmt":"2022-02-16T03:03:24","slug":"write-2","status":"publish","type":"page","link":"https:\/\/wps.itc.kansai-u.ac.jp\/cricket\/paper\/write-2\/","title":{"rendered":"\u8ad6\u6587\u306e\u66f8\u304d\u65b9 \uff0d\u8a73\u7d30\u9805\u76ee\uff0d"},"content":{"rendered":"\n<ul class=\"list_down wp-block-list\"><li><a href=\"#a00\">\u8ad6\u6587\u6307\u5c0e\u306b\u95a2\u3057\u3066<\/a><\/li><li><a href=\"#a01\">WORD\u6a5f\u80fd\u30e1\u30e2<\/a><\/li><li><a href=\"#a02\">\u8ad6\u6587\u8349\u7a3f\u63d0\u51fa\u306e\u30d5\u30a1\u30a4\u30eb\u540d\u306b\u95a2\u3057\u3066<\/a><\/li><li><a href=\"#a03\">\u8ad6\u6587\u30c9\u30e9\u30d5\u30c8\u63d0\u51fa\u9031\u9593\u30b9\u30b1\u30b8\u30e5\u30fc\u30eb<\/a><\/li><li><a href=\"#a04\">\u4e3b\u5f35\u306b\u3064\u3044\u3066<\/a><\/li><li><a href=\"#a05\">\u4e3b\u5f35\u3067\u306a\u3044\u3082\u306e<\/a><\/li><li><a href=\"#a06\">\u5e8f\u8ad6\u3068\u7d50\u8ad6\u306e\u6a5f\u80fd\u306b\u95a2\u3057\u3066<\/a><\/li><li><a href=\"#a07\">\u6dfb\u524a\u3057\u305f\u90e8\u5206\u306e\u4fee\u6b63<\/a><\/li><li><a href=\"#a08\">\u30c7\u30fc\u30bf\u306e\u91cf<\/a><\/li><li><a href=\"#a09\">\u5148\u884c\u7814\u7a76<\/a><\/li><li><a href=\"#a10\">\u767b\u5834\u4eba\u7269\u7d39\u4ecb\u3084\u8f9e\u66f8\u8a18\u8ff0\u306a\u3069\u3001\u901a\u5e38\u306e\u30d5\u30a9\u30fc\u30de\u30c3\u30c8\u306b\u53ce\u307e\u3089\u306a\u3044\u8a18\u8ff0<\/a><\/li><li><a href=\"#a11\">\u5148\u884c\u7814\u7a76\u306b\u3064\u3044\u3066<\/a><\/li><li><a href=\"#a12\">\u5352\u8ad6\u3067\u7279\u306b\u5927\u4e8b\u306a3\u70b9<\/a><\/li><li><a href=\"#a13\">\u30c7\u30fc\u30bf\u306e\u51e6\u7406\u65b9\u6cd5<\/a><\/li><li><a href=\"#a14\">\u5148\u884c\u6587\u732e\u306e\u691c\u7d22\u306e\u4ed5\u65b9<\/a><\/li><li><a href=\"#a15\">\u6587\u732e\u540d<\/a><\/li><li><a href=\"#a16\">\u4eba\u540d\u3068\u6587\u732e\u540d<\/a><\/li><li><a href=\"#a17\">\u30b3\u30fc\u30d1\u30b9\u3092\u4f7f\u7528\u3057\u305f\u5834\u5408<\/a><\/li><li><a href=\"#a18\">\u5f15\u7528\u3001\u51fa\u5178\u3001\u79c1\u8a33\u306e\u9806<\/a><\/li><\/ul>\n\n\n\n<h2 class=\"wp-block-heading\" id=\"a00\">\u8ad6\u6587\u6307\u5c0e\u306b\u95a2\u3057\u3066<\/h2>\n\n\n\n<p>\u8ad6\u6587\u63d0\u793a\u306b\u95a2\u3057\u3066\u306f\u3001OK\u307e\u3067\u306b10\u56de\u304f\u3089\u3044\u306e\u3084\u308a\u3068\u308a\u3092\u3001\u3068\u304a\u4f1d\u3048\u3057\u307e\u3057\u305f\u3002<br>\u307e\u305f\u3001\u6700\u521d\u306e\u65b9\u306b\u3067\u3066\u306a\u3044\u4eba\u306f\u5f8c\u306b\u306a\u3063\u3066\u307e\u3068\u3081\u3066\u9001\u3089\u305b\u3066\u3082\u898b\u308c\u307e\u305b\u3093\u3001\u3068\u304a\u4f1d\u3048\u3057\u3066\u3044\u307e\u3059\u3002<br>\u3053\u308c\u306f\u6dfb\u524a\u3092\u4fee\u6b63\u3057\u3066\u307b\u307c\u6bce\u9031\u3092\u9001\u3063\u3066\u304d\u3066\u3044\u305f\u3060\u304f\u3053\u3068\u3092\u60f3\u5b9a\u3057\u3066\u3044\u307e\u3059\u3002<br>\u79c1\u306b\u3068\u3063\u3066\u306f\u3057\u3093\u3069\u3044\u3067\u3059\u304c\u3001\u3053\u3061\u3089\u306e\u610f\u898b\u304c\u5145\u5206\u53cd\u6620\u3055\u308c\u306a\u3044\u3068OK\u306f\u3067\u307e\u305b\u3093\u3002<br>\u3053\u308c\u306f\u5352\u696d\u8ad6\u6587\u304c\u6307\u5c0e\u306e\u4e00\u74b0\u3067\u3042\u308b\u3053\u3068\u304b\u3089\u81ea\u660e\u3067\u3059\u3002<br>\u30a2\u30ab\u30c7\u30df\u30c3\u30af\u306a\u8ad6\u6587\u306e\u5f62\u5f0f\u3068\u66f8\u304d\u65b9\u306e\u30ce\u30fc\u30cf\u30a6\u306f\u6307\u5c0e\u6559\u5b98\u304c\u3082\u3063\u3066\u3044\u307e\u3059\u3002<br>\u305d\u308c\u3092\u307f\u306a\u3055\u3093\u306b\u4f1d\u3048\u3066\u3067\u304d\u308b\u3088\u3046\u306b\u306a\u3063\u3066\u3082\u3089\u3046\u306e\u304c\u8ad6\u6587\u6307\u5c0e\u3067\u3059\u3002<\/p>\n\n\n\n<h2 class=\"wp-block-heading\">WORD\u6a5f\u80fd\u30e1\u30e2<\/h2>\n\n\n\n<p>\u811a\u6ce8\u306b\u306fWORD\u306e\u811a\u6ce8\u6a5f\u80fd\u3092\u4f7f\u3063\u3066\u304f\u3060\u3055\u3044<\/p>\n\n\n\n<p>\u7ae0\u306e\u306f\u3058\u3081\u306fWORD\u306e\u30da\u30fc\u30b8\u533a\u5207\u308a\u6a5f\u80fd\u3092\u4f7f\u3063\u3066\u304f\u3060\u3055\u3044 \u5c0f\u3055\u306a\u6570\u5b57\u306b\u306fWORD\u306e\u4e0b\u4ed8\u304d\u6a5f\u80fd\u3092\u4f7f\u3063\u3066\u304f\u3060\u3055\u3044<\/p>\n\n\n\n<h2 class=\"wp-block-heading\" id=\"a02\">\u8ad6\u6587\u8349\u7a3f\u63d0\u51fa\u306e\u30d5\u30a1\u30a4\u30eb\u540d\u306b\u95a2\u3057\u3066<\/h2>\n\n\n\n<p>\u3059\u3067\u306b\u304a\u4f1d\u3048\u3057\u3066\u3044\u308b\u3088\u3046\u306b\u30d5\u30a1\u30a4\u30eb\u540d\u306f<\/p>\n\n\n\n<p>\u540d\u524d\u3000\u5e74\u6708\u65e5<\/p>\n\n\n\n<p>\u3067\u304a\u9858\u3044\u3057\u307e\u3059\u3002<\/p>\n\n\n\n<p>\u300c\u5352\u8ad6\u300d\u3068\u3044\u3046\u30d5\u30a1\u30a4\u30eb\u540d\u3067\u9001\u3089\u308c\u3066\u3082\u3001\u7686\u3055\u3093\u306b\u3068\u3063\u3066\u306f\u552f\u4e00\u306e\u5352\u8ad6\u304b\u3082\u77e5\u308c\u307e\u305b\u3093\u304c\u3001\u79c1\u306b\u306f\u305f\u304f\u3055\u3093\u306e\u300c\u5352\u8ad6\u300d\u304c\u5c4a\u304f\u3053\u3068\u306b\u306a\u308a\u307e\u3059\u3002<\/p>\n\n\n\n<p>\u5e74\u6708\u65e5\u3092\u5165\u308c\u3066\u3044\u305f\u3060\u304f\u306e\u306f\u30d0\u30fc\u30b8\u30e7\u30f3\u7ba1\u7406\u3092\u3057\u3066\u3044\u305f\u3060\u304f\u305f\u3081\u3067\u3059\u3002\u7686\u3055\u3093\u306b\u3068\u3063\u3066\u3001\u300c\u8aa4\u3063\u3066\u53e4\u3044\u306e\u3092\u63d0\u51fa\u3057\u3061\u3083\u3063\u305f\u300d\u300cpc\u304c\u58ca\u308c\u3066\u6d88\u3048\u3061\u3083\u3063\u305f\u300d\u3068\u3044\u3046\u3053\u3068\u304c\u306a\u3044\u3088\u3046\u3001\u30d0\u30fc\u30b8\u30e7\u30f3\u7ba1\u7406\u3092\u3057\u3001USB\u306a\u3069\u8907\u6570\u306e\u4fdd\u5b58\u5834\u6240\u306b\u4fdd\u7ba1\u3057\u3066\u304f\u3060\u3055\u3044\u3002<\/p>\n\n\n\n<p>\u4fee\u6b63\u306f\u7686\u3055\u3093\u304c\u597d\u304d\u306a\u3068\u3053\u308d\u3092\u3084\u308b\u306e\u3067\u306f\u306a\u304f\u3001\u3053\u3061\u3089\u304c\u30b3\u30e1\u30f3\u30c8\u3057\u305f\u90e8\u5206\u3092\u3059\u3079\u3066\u3001\u540c\u69d8\u306e\u3068\u3053\u308d\u3082\u542b\u3081\u3066\u3001\u6b21\u56de\u307e\u3067\u306b\u76f4\u3057\u3066\u304f\u3060\u3055\u3044\u3002<br>\u6307\u6458\u3057\u305f\u70b9\u304c\u76f4\u3055\u308c\u3066\u3044\u306a\u3044\u3068\u79c1\u306f\u307e\u305f\u6307\u6458\u305b\u3056\u308b\u3092\u5f97\u305a\u975e\u52b9\u7387\u3067\u3059\u306e\u3067\u3002<br>\u4ee5\u4e0a\u3001\u3088\u308d\u3057\u304f\u304a\u9858\u3044\u3057\u307e\u3059\u3002<\/p>\n\n\n\n<h2 class=\"wp-block-heading\" id=\"a03\">\u8ad6\u6587\u30c9\u30e9\u30d5\u30c8\u63d0\u51fa\u9031\u9593\u30b9\u30b1\u30b8\u30e5\u30fc\u30eb<\/h2>\n\n\n\n<p>\u6708\u66dc\u65e5\u4e2d\u306b\u30d5\u30a1\u30a4\u30eb\u3092\u30e1\u30fc\u30eb\u3067\u9001\u3063\u304f\u3060\u3055\u3044\u3002<\/p>\n\n\n\n<p>spiralcricket[at]gmail.com\u3000\u203b[at]\u306f@\u306b\u5909\u66f4\u3057\u3066\u304f\u3060\u3055\u3044\u3002<\/p>\n\n\n\n<p>\u3053\u3061\u3089\u306f\u6388\u696d\u6642\u9593\u307e\u3067\u306bLINE\u3066\u6dfb\u524a\u3092\u5199\u771f\u3067\u304a\u8fd4\u3057\u3057\u307e\u3059\u3002\u539f\u672c\u306f\u500b\u4eba\u7814\u7a76\u5ba4\u306e\u30dd\u30b9\u30c8\u306b\u3044\u308c\u3066\u304a\u304d\u307e\u3059\u3002(1\u9031\u9593\u3067\u5ec3\u68c4\u3057\u307e\u3059)<br>\u6388\u696d\u306b\u8cea\u554f\u306e\u3042\u308b\u4eba\u306f\u3001\u6c34\u66dc\u65e5\u4e2d\u306b\u8cea\u554f\u306e\u5185\u5bb9\u3092LINE\u500b\u4eba\u30e1\u30c3\u30bb\u30fc\u30b8\u3067\u9001\u3063\u3066\u304d\u3066\u304f\u3060\u3055\u3044\u3002<br>\u30e1\u30c3\u30bb\u30fc\u30b8\u3067\u3084\u308a\u53d6\u308a\u3067\u304d\u308b\u5185\u5bb9\u306f\u30e1\u30c3\u30bb\u30fc\u30b8\u3067\u6e08\u307e\u305b\u305f\u3044\u304b\u3089\u3067\u3059\u3002<br>\u307e\u305f\u3001\u30e1\u30c3\u30bb\u30fc\u30b8\u3067\u306e\u8cea\u554f\u306f\u3044\u3064\u3067\u3082\u5927\u4e08\u592b\u3067\u3059\u3002<\/p>\n\n\n\n<h2 class=\"wp-block-heading\" id=\"a04\">\u4e3b\u5f35\u306b\u3064\u3044\u3066<\/h2>\n\n\n\n<p>\u4e3b\u5f35\u306f\u7c21\u6f54\u306b\u3002\u4e00\u6587\u7a0b\u5ea6\u3067\u66f8\u3044\u3066\u304f\u3060\u3055\u3044\u3002<\/p>\n\n\n\n<h2 class=\"wp-block-heading\" id=\"a05\">\u4e3b\u5f35\u3067\u306a\u3044\u3082\u306e<\/h2>\n\n\n\n<p>\u301c\u306b\u3064\u3044\u3066\u8abf\u3079\u308b<br>\u306f\u4e3b\u5f35\u3067\u306f\u3042\u308a\u307e\u305b\u3093\u3002<\/p>\n\n\n\n<p>\u301c\u306f\u301c\u3067\u3042\u308b<br>\u3068\u3001\u7d50\u8ad6\u3092\u66f8\u3044\u3066\u7121\u3051\u308c\u3070\u3001\u4e3b\u5f35\u3067\u306f\u3042\u308a\u307e\u305b\u3093\u3002<\/p>\n\n\n\n<p>\u30c7\u30fc\u30bf\u304c\u5145\u5206\u306b\u63c3\u3063\u3066\u306a\u304f\u3066\u3082\u3001\u53ef\u80fd\u6027\u306e\u9ad8\u3044\u7d50\u8ad6\u3092\u66f8\u3044\u3066\u304f\u3060\u3055\u3044\u3002<br>\u307e\u305f\u3001\u4e3b\u5f35\u306f\u7c21\u6f54\u306b\u3002<br>\u3064\u307e\u308a\u3001\u660e\u5feb\u306b\u3001\u77ed\u304f\u3002<\/p>\n\n\n\n<h2 class=\"wp-block-heading\" id=\"a06\">\u5e8f\u8ad6\u3068\u7d50\u8ad6\u306e\u6a5f\u80fd\u306b\u95a2\u3057\u3066<\/h2>\n\n\n\n<p>\u518d\u3073\u306b\u306a\u308a\u307e\u3059\u304c\u3001\u5e8f\u8ad6\u3068\u7d50\u8ad6\u306f\u672c\u8ad6\u306e\u30e9\u30d9\u30eb\u3067\u3059\u3002\u57fa\u672c\u7684\u306b\u8ad6\u6587\u306e\u5185\u5bb9\u306f\u3059\u3079\u3066\u672c\u8ad6\u306b\u66f8\u3044\u3066\u3042\u308b\u5fc5\u8981\u304c\u3042\u308a\u307e\u3059\u3002<br>\u5e8f\u8ad6\u3068\u7d50\u8ad6\u306f\u305d\u306e\u30b5\u30de\u30ea\u30fc\u3067\u3059<br>\u5e8f\u8ad6\u3068\u7d50\u8ad6\u306f\u93e1\u50cf\u7684\u3067\u3059\u3002<\/p>\n\n\n\n<p>\u5fc3\u7406\u5b66\u306b\u306frecency\u52b9\u679c\u3068primacy\u52b9\u679c\u3068\u3044\u3046\u8a18\u61b6\u306e\u6982\u5ff5\u304c\u3042\u308a\u307e\u3059\u3002\u4f8b\u3048\u3070\u3001\u5358\u8a9e20\u3092\u805e\u304f\u3068\u3001\u4e00\u756a\u899a\u3048\u3066\u3044\u308b\u306e\u306f\u6700\u5f8c\u306b\u805e\u3044\u305f\u8a9e\u305d\u306e\u6b21\u306b\u899a\u3048\u3066\u3044\u308b\u306e\u306f\u6700\u521d\u306b\u805e\u3044\u305f\u8a9e\u3067\u3059\u3002<\/p>\n\n\n\n<p>\u3067\u3059\u306e\u3067\u3001\u91cd\u8981\u306a\u5185\u5bb9\u306f\u3001\u6700\u5f8c\u3068\u6700\u521d\u306b\u6301\u3063\u3066\u304d\u307e\u3059\u3002<br>\u3055\u3089\u306b\u3001\u983b\u5ea6\u306e\u8981\u56e0\u304c\u8a18\u61b6\u306b\u306f\u5927\u4e8b\u3067\u3059\u3002\u91cd\u8981\u306a\u5185\u5bb9\u306f\u5e8f\u8ad6\u3001\u672c\u8ad6\u3001\u7d50\u8ad6\u3068\u4e09\u56de\u805e\u304f\u3053\u3068\u3067\u8a18\u61b6\u306b\u5b9a\u7740\u3057\u3084\u3059\u304f\u306a\u308a\u307e\u3059\u3002<\/p>\n\n\n\n<h2 class=\"wp-block-heading\" id=\"a07\">\u6dfb\u524a\u3057\u305f\u90e8\u5206\u306e\u4fee\u6b63<\/h2>\n\n\n\n<p>\u6dfb\u524a\u3057\u305f\u90e8\u5206\u306f\u5fc5\u305a\u6b21\u56de\u306b\u4fee\u6b63\u3057\u3066\u53cd\u6620\u3055\u305b\u3066\u304f\u3060\u3055\u3044\u3002<br>\u305d\u3046\u3067\u306a\u3044\u3068\u3001\u6dfb\u524a\u3059\u308b\u610f\u5473\u304c\u3042\u308a\u307e\u305b\u3093\u306e\u3067\u3002<br>\u79c1\u3082\u6bce\u56de\u6bce\u56de\u540c\u3058\u3053\u3068\u3092\u66f8\u304f\u7121\u99c4\u3092\u3057\u305f\u304f\u3042\u308a\u307e\u305b\u3093\u3002<\/p>\n\n\n\n<h2 class=\"wp-block-heading\" id=\"a078\">\u30c7\u30fc\u30bf\u306e\u91cf<\/h2>\n\n\n\n<p>\u307e\u305f\u3001\u30c7\u30fc\u30bf\u3092\u4f55\u4ef6\u53d6\u308b\u306e\u304b\u3001\u500b\u4ebaLINE\u3067\u9023\u7d61\u3057\u3066\u304f\u3060\u3055\u3044<br>\u30b3\u30fc\u30d1\u30b9\u306f2000\u4ef6\u3001<br>\u753b\u50cf\u3084\u3053\u3068\u308f\u3056\u306a\u3069\u306f200\u4ef6\u3001<br>\u6620\u753b\u3001\u30c9\u30e9\u30de\u306f10\u6642\u9593\u301c15\u6642\u9593\u304c\u76ee\u5b89\u3067\u3059\u3002<\/p>\n\n\n\n<h2 class=\"wp-block-heading\" id=\"a09\">\u5148\u884c\u7814\u7a76<\/h2>\n\n\n\n<p>\u5148\u884c\u7814\u7a76\u306f<br>2.1 \u3092<br>\u306f\u3058\u3081\u306b<br>\u306b\u3057\u3066<br>\u3069\u306e\u3088\u3046\u306a\u5148\u884c\u7814\u7a76\u3092\u53d6\u308a\u4e0a\u3052\u308b\u306e\u304b\u3001\u66f8\u304f<br>2.2\u4ee5\u964d\u3001<br>\u5404\u5148\u884c\u7814\u7a76\u4ee3\u9806\u306b\u4f5c\u8005\u306e\u6587\u732e\u540d\u3092\u30bf\u30a4\u30c8\u30eb\u306b\u3057\u3066\u4e26\u3079\u308b<br>\u6700\u5f8c\u306e\u7bc0\u30012.x\u3092<br>\u307e\u3068\u3081<br>\u3068\u3057\u3066\u5404\u5148\u884c\u7814\u7a76\u306e\u4e3b\u5f35\u3001\u985e\u4f3c\u70b9\u3001\u76f8\u9055\u70b9\u3001\u5bfe\u7acb\u70b9\u3000\u3092\u8a18\u8ff0\u3059\u308b<\/p>\n\n\n\n<h2 class=\"wp-block-heading\" id=\"a10\">\u767b\u5834\u4eba\u7269\u7d39\u4ecb\u3084\u8f9e\u66f8\u8a18\u8ff0\u306a\u3069\u3001\u901a\u5e38\u306e\u30d5\u30a9\u30fc\u30de\u30c3\u30c8\u306b\u53ce\u307e\u3089\u306a\u3044\u8a18\u8ff0<\/h2>\n\n\n\n<p>\u767b\u5834\u4eba\u7269\u306e\u7d39\u4ecb\u3084\u3001\u8f9e\u66f8\u8a18\u8ff0\u3092\u3069\u3046\u3059\u308c\u3070\u3088\u3044\u304b\u3001\u3068\u3044\u3046\u8cea\u554f\u304c\u3042\u308a\u307e\u3059\u3002<br>\u96e3\u3057\u3044\u554f\u984c\u3067\u3059\u304c\u3001\u934b\u5cf6\u30bc\u30df\u306e\u672c\u6587\u306e\u69cb\u6210\u8981\u7d20\u306b\u306f\u6a19\u984c\u4ee5\u5916\u306b\u306f<\/p>\n\n\n\n<p>\u6587<\/p>\n\n\n\n<p>\u5f15\u7528<\/p>\n\n\n\n<p>\u4f8b\u6587<\/p>\n\n\n\n<p>\u56f3<\/p>\n\n\n\n<p>\u8868<\/p>\n\n\n\n<p>\u3057\u304b\u3042\u308a\u307e\u305b\u3093\u3002<br>\u3069\u308c\u304b\u306e\u30d5\u30a9\u30fc\u30de\u30c3\u30c8\u306b\u62bc\u3057\u8fbc\u3093\u3067\u304f\u3060\u3055\u3044\u3002<br>\u8f9e\u66f8\u306f\u66f8\u7c4d\u3068\u8003\u3048\u3001\u5f15\u7528\u5f62\u5f0f\u3067\u304a\u9858\u3044\u3057\u307e\u3059\u3002<br>\u767b\u5834\u4eba\u7269\u7d39\u4ecb\u306f\u3001\u7bc0\u3068\u9805\u3001\u4f8b\u6587\u756a\u53f7\u3092\u3046\u307e\u304f\u7d44\u307f\u5408\u308f\u305b\u3066\u5bfe\u51e6\u3057\u3066\u304f\u3060\u3055\u3044\u3002<\/p>\n\n\n\n<h2 class=\"wp-block-heading\" id=\"a11\">\u5148\u884c\u7814\u7a76\u306b\u3064\u3044\u3066<\/h2>\n\n\n\n<p>\u5148\u884c\u7814\u7a76\u3067\u306f\u4ee5\u4e0b\u306b\u7559\u610f\u3057\u3066\u304f\u3060\u3055\u3044\u3002<\/p>\n\n\n\n<p>\u3053\u308c\u3092\u300c\u5148\u884c\u7814\u7a76\u306e\u4ed8\u304d\u5408\u308f\u305b\u300d\u307e\u305f\u306f\u300c\u4ed8\u304d\u5408\u308f\u305b\u300d\u3068\u3001\u547c\u3076\u3053\u3068\u306b\u3057\u307e\u3059\u3002<\/p>\n\n\n\n<ol class=\"wp-block-list\"><li>\u5404\u5148\u884c\u7814\u7a76\u306e\u4e3b\u5f35\u3092\u518d\u5ea6\u53d6\u308a\u4e0a\u3052\u308b\u3002<\/li><li>\u5404\u5148\u884c\u7814\u7a76\u306e\u985e\u4f3c\u70b9\u3092\u307e\u3068\u3081\u308b\u3002<\/li><li>\u5404\u5148\u884c\u7814\u7a76\u306e\u76f8\u9055\u70b9\u3092\u307e\u3068\u3081\u308b\u3002<\/li><li>\u5148\u884c\u7814\u7a76\u9593\u306e\u4e89\u70b9\u3092\u660e\u3089\u304b\u306b\u3059\u308b\u3002<\/li><li>\u5206\u91ce\u3068\u3057\u3066\u5171\u901a\u7406\u89e3\u306b\u306a\u3063\u3066\u3044\u308b\u70b9\u3092\u660e\u3089\u304b\u306b\u3059\u308b\u3002<\/li><\/ol>\n\n\n\n<h2 class=\"wp-block-heading\" id=\"a12\">\u5352\u8ad6\u3067\u7279\u306b\u5927\u4e8b\u306a3\u70b9<\/h2>\n\n\n\n<p>\u5352\u8ad6\u3067\u7279\u306b\u5927\u4e8b\u306a\u306e\u306f\u6b21\u306e3\u70b9\u3067\u3059\u3002<\/p>\n\n\n\n<p>1. \u5148\u884c\u7814\u7a76<br>\u76f4\u63a5\u95a2\u9023\u3059\u308b\u5148\u884c\u7814\u7a76\u304c\u63a2\u305b\u3066\u3044\u308b\u3053\u3068\u3002\u8907\u6570\u3042\u308c\u3070\u3055\u3089\u306b\u826f\u3057\u3002<\/p>\n\n\n\n<p>2. \u30c7\u30fc\u30bf<br>\u3082\u306e\u306b\u3088\u3063\u3066200\u301c2000\u306e\u30c7\u30fc\u30bf\u3092\u3057\u3063\u304b\u308a\u898b\u3066\u304a\u308a\u3001\u8ad6\u6587\u306b\u51fa\u305b\u3066\u3044\u308b\u3053\u3068\u3002<\/p>\n\n\n\n<p>3. \u4e3b\u5f35\u3068\u30c7\u30fc\u30bf\u306e\u95a2\u4fc2<br>\u4e3b\u5f35\u304c\u30c7\u30fc\u30bf\u3067\u88cf\u4ed8\u3051\u3089\u308c\u3066\u3044\u308b\u3053\u3068\u3002\u305d\u308c\u304c\u8a00\u8449\u3067\u660e\u793a\u7684\u306b\u8ad6\u3058\u3089\u308c\u3066\u3044\u308b\u3053\u3068\u3002<\/p>\n\n\n\n<h2 class=\"wp-block-heading\" id=\"a13\">\u30c7\u30fc\u30bf\u306e\u51e6\u7406\u65b9\u6cd5<\/h2>\n\n\n\n<div class=\"wp-block-columns is-layout-flex wp-container-core-columns-is-layout-9d6595d7 wp-block-columns-is-layout-flex\">\n<div class=\"wp-block-column is-layout-flow wp-block-column-is-layout-flow\" style=\"flex-basis:47.4%\">\n<p>\u3082\u306e\u306b\u3088\u3063\u3066200\u301c2000\u304f\u3089\u3044\u306f\u6b32\u3057\u3044\u3067\u3059\u306d<br>\u3053\u306e\u30c7\u30fc\u30bf\u304c\u3053\u306e\u7814\u7a76\u306e\u547d\u3067\u3059\u306e\u3067\u3002<br>\u6b21\u306b\u3001\u30dd\u30b9\u30c8\u30a4\u30c3\u30c8\u306b\u305d\u308c\u3092\u66f8\u304d\u307e\u3059<br>\u6b21\u306b\u3001\u8fd1\u3044\u3082\u306e\u3092\u8fd1\u304f\u306b\u8cbc\u308a\u307e\u3059<br>\u3053\u306e\u8fd1\u3044(\u5f62\u6210\u306e\u8fd1\u3055)\u306f\u81ea\u5206\u306e\u611f\u899a\u3067\u69cb\u3044\u307e\u305b\u3093<br>\u8fd1\u3044\u30b0\u30eb\u30fc\u30d7\u3054\u3068\u306b\u4e38\u3092\u3057\u3066\u30ab\u30c6\u30b4\u30ea\u30fc\u3092\u4f5c\u308a\u307e\u3059<\/p>\n<\/div>\n\n\n\n<div class=\"wp-block-column is-layout-flow wp-block-column-is-layout-flow\" style=\"flex-basis:33.33%\">\n<figure class=\"wp-block-image size-large is-resized\"><img loading=\"lazy\" decoding=\"async\" src=\"https:\/\/wps.itc.kansai-u.ac.jp\/cricket\/wp-content\/uploads\/sites\/115\/2021\/01\/fusen01.png\" alt=\"\" class=\"wp-image-1513\" width=\"168\" height=\"245\" srcset=\"https:\/\/wps.itc.kansai-u.ac.jp\/cricket\/wp-content\/uploads\/sites\/115\/2021\/01\/fusen01.png 336w, https:\/\/wps.itc.kansai-u.ac.jp\/cricket\/wp-content\/uploads\/sites\/115\/2021\/01\/fusen01-206x300.png 206w, https:\/\/wps.itc.kansai-u.ac.jp\/cricket\/wp-content\/uploads\/sites\/115\/2021\/01\/fusen01-185x270.png 185w\" sizes=\"auto, (max-width: 168px) 100vw, 168px\" \/><\/figure>\n<\/div>\n<\/div>\n\n\n\n<h2 class=\"wp-block-heading\" id=\"a14\">\u5148\u884c\u6587\u732e\u306e\u691c\u7d22\u306e\u4ed5\u65b9<\/h2>\n\n\n\n<p>\u82f1\u8a9e\u306e\u5148\u884c\u6587\u732e\u3092web of science\u3001Proquest\u3067\u63a2\u3057\u307e\u3059\u3002<br>\u3069\u3046\u3057\u3066\u3082\u898b\u3064\u304b\u3089\u306a\u3044\u5834\u5408\u306b\u306f\u3001\u3068\u3063\u304b\u304b\u308a\u3068\u3057\u3066\u3001\u30a4\u30f3\u30bf\u30fc\u30cd\u30c3\u30c8\u691c\u7d22\u3092\u3057\u3066\u3001\u82f1\u8a9e\u3084\u65e5\u672c\u8a9e\u306e\u8ad6\u6587\u3092\u898b\u3064\u3051\u3001\u305d\u306e\u53c2\u8003\u6587\u732e\u304b\u3089\u5e83\u3052\u3066\u3044\u304f\u3001\u3068\u3044\u3046\u624b\u3082\u3042\u308a\u307e\u3059\u3002<br>\u3044\u305a\u308c\u306e\u5834\u5408\u306b\u3082\u4ee5\u4e0b\u306e\u624b\u9806\u3092\u53d6\u3063\u3066\u304f\u3060\u3055\u3044\u3002<\/p>\n\n\n\n<ol class=\"wp-block-list\"><li>\u30ad\u30fc\u30ef\u30fc\u30c9\u3092\u82f1\u8a9e\u306710\u304f\u3089\u3044\u7528\u610f\u3059\u308b<\/li><li>\u30ad\u30fc\u30ef\u30fc\u30c9\u306e\u7d44\u307f\u5408\u308f\u305b\u3092\u5909\u3048\u3066\u30012\u301c3\u500b\u305a\u3064\u691c\u7d22\u3059\u308b\u3002<\/li><\/ol>\n\n\n\n<p>\u305d\u306e\u969b\u3001\u82f1\u8a9e\u306e\u30ad\u30fc\u30ef\u30fc\u30c9\u306f\u6b63\u3057\u3044\u5358\u8a9e\u3067\u3042\u308b\u3053\u3068\u306b\u7559\u610f\u3057\u3066\u304f\u3060\u3055\u3044\u3002<\/p>\n\n\n\n<h2 class=\"wp-block-heading\" id=\"a15\">\u6587\u732e\u540d<\/h2>\n\n\n\n<p>\u25cb \u7530\u4e2d (1997)<br>\u00d7 \u7530\u4e2d\u8302\u7bc4 (1997)<\/p>\n\n\n\n<p>\u25cb Lakoff (1987)<br>\u00d7 George Lakoff (1987)<br>\u00d7 Lakoff, G. (1987)<br>\u00d7 G. Lakoff (1987)<\/p>\n\n\n\n<h2 class=\"wp-block-heading\" id=\"a16\">\u4eba\u540d\u3068\u6587\u732e\u540d<\/h2>\n\n\n\n<p>\u3042\u308b\u51fa\u5178\u3092\u8aac\u660e\u3059\u308b\u969b\u306b\u306f\u3001\u4eba\u540d\u3067\u306a\u304f\u3001\u5fc5\u305a\u6587\u732e\u540d\u3067\u66f8\u304d\u307e\u3059\u3002<br>\u3042\u308b\u4eba\u306e\u8003\u3048\u306f\u30011997\u30682001\u3067\u5909\u308f\u308b\u304b\u3082\u77e5\u308c\u306a\u3044\u304b\u3089\u3067\u3059\u3002<\/p>\n\n\n\n<h2 class=\"wp-block-heading\" id=\"a17\">\u30b3\u30fc\u30d1\u30b9\u3092\u4f7f\u7528\u3057\u305f\u5834\u5408<\/h2>\n\n\n\n<p>\u30b3\u30fc\u30d1\u30b9\u3092\u4f7f\u7528\u3057\u305f\u5834\u5408<br>\u3069\u306e\u3088\u3046\u306a\u30b3\u30fc\u30d1\u30b9\u3092\u4f7f\u7528\u3057\u305f\u304b\u3001<br>\u3069\u306e\u3088\u3046\u306a\u691c\u7d22\u3092\u3057\u305f\u304b<br>\u8aac\u660e\u304c\u5fc5\u8981\u3067\u3059\u3002<\/p>\n\n\n\n<h2 class=\"wp-block-heading\" id=\"a18\">\u5f15\u7528\u3001\u51fa\u5178\u3001\u79c1\u8a33\u306e\u9806<\/h2>\n\n\n\n<p>That is the case. (Kendriaks 2018\u3001\u79c1\u8a33 \u305d\u306e\u901a\u308a\u3067\u3042\u308b\u3002)<\/p>\n","protected":false},"excerpt":{"rendered":"<p>\u8ad6\u6587\u6307\u5c0e\u306b\u95a2\u3057\u3066 WORD\u6a5f\u80fd\u30e1\u30e2 \u8ad6\u6587\u8349\u7a3f\u63d0\u51fa\u306e\u30d5\u30a1\u30a4\u30eb\u540d\u306b\u95a2\u3057\u3066 \u8ad6\u6587\u30c9\u30e9\u30d5\u30c8\u63d0\u51fa\u9031\u9593\u30b9\u30b1\u30b8\u30e5\u30fc\u30eb \u4e3b\u5f35\u306b\u3064\u3044\u3066 \u4e3b\u5f35\u3067\u306a\u3044\u3082\u306e \u5e8f\u8ad6\u3068\u7d50\u8ad6\u306e\u6a5f\u80fd\u306b\u95a2\u3057\u3066 \u6dfb\u524a\u3057\u305f\u90e8\u5206\u306e\u4fee\u6b63 \u30c7\u30fc\u30bf\u306e\u91cf \u5148\u884c\u7814\u7a76 <a href=\"https:\/\/wps.itc.kansai-u.ac.jp\/cricket\/paper\/write-2\/\" class=\"read-more\">Read More &#8230;<\/a><\/p>\n","protected":false},"author":116,"featured_media":0,"parent":192,"menu_order":0,"comment_status":"closed","ping_status":"closed","template":"","meta":{"_monsterinsights_skip_tracking":false,"_monsterinsights_sitenote_active":false,"_monsterinsights_sitenote_note":"","_monsterinsights_sitenote_category":0,"footnotes":""},"class_list":["post-1441","page","type-page","status-publish","hentry"],"_links":{"self":[{"href":"https:\/\/wps.itc.kansai-u.ac.jp\/cricket\/wp-json\/wp\/v2\/pages\/1441","targetHints":{"allow":["GET"]}}],"collection":[{"href":"https:\/\/wps.itc.kansai-u.ac.jp\/cricket\/wp-json\/wp\/v2\/pages"}],"about":[{"href":"https:\/\/wps.itc.kansai-u.ac.jp\/cricket\/wp-json\/wp\/v2\/types\/page"}],"author":[{"embeddable":true,"href":"https:\/\/wps.itc.kansai-u.ac.jp\/cricket\/wp-json\/wp\/v2\/users\/116"}],"replies":[{"embeddable":true,"href":"https:\/\/wps.itc.kansai-u.ac.jp\/cricket\/wp-json\/wp\/v2\/comments?post=1441"}],"version-history":[{"count":30,"href":"https:\/\/wps.itc.kansai-u.ac.jp\/cricket\/wp-json\/wp\/v2\/pages\/1441\/revisions"}],"predecessor-version":[{"id":1663,"href":"https:\/\/wps.itc.kansai-u.ac.jp\/cricket\/wp-json\/wp\/v2\/pages\/1441\/revisions\/1663"}],"up":[{"embeddable":true,"href":"https:\/\/wps.itc.kansai-u.ac.jp\/cricket\/wp-json\/wp\/v2\/pages\/192"}],"wp:attachment":[{"href":"https:\/\/wps.itc.kansai-u.ac.jp\/cricket\/wp-json\/wp\/v2\/media?parent=1441"}],"curies":[{"name":"wp","href":"https:\/\/api.w.org\/{rel}","templated":true}]}}